ert -106 (base 7) to base 3.
-2001
Convert 21 (base 4) to base 13.
9
-1 (base 13) to base 8
-1
Convert 10 (base 12) to base 8.
14
-c (base 14) to base 3
-110
Convert -2 (base 4) to base 11.
-2
What is 2 (base 6) in base 15?
2
What is 331 (base 7) in base 6?
441
What is -11111 (base 2) in base 11?
-29
-1d (base 16) to base 13
-23
Convert 15 (base 10) to base 15.
10
-10 (base 16) to base 9
-17
-2 (base 12) to base 14
-2
Convert 125 (base 12) to base 13.
104
2 (base 10) to base 9
2
Convert -41 (base 5) to base 13.
-18
-11a (base 13) to base 2
-11000000
What is 3 (base 4) in base 9?
3
What is 6 (base 16) in base 10?
6
Convert -84 (base 11) to base 3.
-10102
What is -23 (base 13) in base 10?
-29
Convert -2 (base 7) to base 4.
-2
What is 1 (base 6) in base 9?
1
What is -1 (base 10) in base 8?
-1
Convert -c2 (base 13) to base 14.
-b4
What is -45 (base 15) in base 10?
-65
What is -c2 (base 16) in base 6?
-522
What is 360 (base 8) in base 5?
1430
24 (base 7) to base 4
102
43 (base 7) to base 10
31
What is -9c (base 14) in base 10?
-138
1111 (base 2) to base 14
11
-11 (base 14) to base 10
-15
Convert -6 (base 10) to base 8.
-6
Convert -4 (base 5) to base 12.
-4
What is 0 (base 7) in base 15?
0
34a (base 11) to base 2
110100001
Convert -3 (base 7) to base 16.
-3
-2 (base 3) to base 4
-2
16 (base 15) to base 6
33
What is 1 (base 10) in base 5?
1
What is -3 (base 7) in base 4?
-3
Convert 5 (base 6) to base 5.
10
8 (base 14) to base 10
8
Convert 1 (base 5) to base 2.
1
What is 1 (base 12) in base 16?
1
Convert 21 (base 16) to base 13.
27
What is 0 (base 4) in base 9?
0
-2 (base 9) to base 14
-2
-1 (base 16) to base 3
-1
-8 (base 16) to base 5
-13
What is 0 (base 3) in base 15?
0
-137 (base 13) to base 2
-11010111
19 (base 14) to base 4
113
2 (base 8) to base 3
2
a (base 16) to base 2
1010
Convert 1d (base 15) to base 4.
130
Convert 102 (base 5) to base 8.
33
2413 (base 5) to base 14
1b8
-3 (base 14) to base 3
-10
-53 (base 13) to base 12
-58
What is 7 (base 10) in base 3?
21
8 (base 13) to base 10
8
-111 (base 2) to base 9
-7
-14 (base 11) to base 3
-120
Convert -15 (base 13) to base 7.
-24
-2 (base 11) to base 4
-2
-12 (base 8) to base 10
-10
-173 (base 8) to base 10
-123
What is 108 (base 11) in base 12?
a9
Convert -1323 (base 4) to base 12.
-a3
What is -185 (base 13) in base 7?
-545
-6 (base 10) to base 8
-6
-5 (base 11) to base 9
-5
Convert 10 (base 2) to base 4.
2
Convert 4b (base 13) to base 10.
63
Convert -13 (base 9) to base 14.
-c
0 (base 14) to base 11
0
13 (base 9) to base 4
30
Convert 11 (base 14) to base 13.
12
What is -3 (base 4) in base 2?
-11
What is -3 (base 11) in base 6?
-3
-101 (base 2) to base 13
-5
What is 127 (base 12) in base 9?
214
4 (base 14) to base 8
4
Convert -1d (base 15) to base 16.
-1c
Convert 7 (base 10) to base 8.
7
Convert 2 (base 3) to base 4.
2
1300 (base 4) to base 15
77
-10 (base 3) to base 10
-3
Convert -4b (base 14) to base 15.
-47
What is -220 (base 3) in base 12?
-20
What is 15a (base 12) in base 11?
185
What is 3 (base 5) in base 6?
3
What is -80 (base 10) in base 4?
-1100
Convert 4 (base 5) to base 2.
100
Convert -12e (base 16) to base 8.
-456
What is 0 (base 6) in base 15?
0
Convert 4 (base 16) to base 3.
11
Convert -13 (base 10) to base 13.
-10
Convert 10 (base 4) to base 13.
4
What is -124 (base 16) in base 4?
-10210
Convert -129 (base 12) to base 16.
-b1
-350 (base 6) to base 2
-10001010
-125 (base 9) to base 8
-150
47 (base 15) to base 3
2111
What is 21012 (base 3) in base 6?
522
Convert 131 (base 11) to base 16.
9b
Convert 2 (base 12) to base 9.
2
-86 (base 15) to base 9
-150
-5d (base 15) to base 5
-323
7 (base 8) to base 4
13
Convert -1a (base 14) to base 13.
-1b
Convert 5f (base 16) to base 10.
95
-24 (base 16) to base 2
-100100
-27 (base 8) to base 13
-1a
Convert 1001 (base 4) to base 11.
5a
What is 115 (base 9) in base 12?
7b
What is -4 (base 10) in base 16?
-4
What is -2 (base 4) in base 2?
-10
What is 11121 (base 4) in base 7?
1002
What is -5 (base 13) in base 8?
-5
What is 1 (base 4) in base 13?
1
Convert 6 (base 11) to base 2.
110
102 (base 7) to base 13
3c
Convert 20 (base 10) to base 14.
16
Convert -4 (base 7) to base 4.
-10
-6 (base 8) to base 4
-12
-166 (base 7) to base 10
-97
Convert 2 (base 12) to base 11.
2
Convert -35 (base 8) to base 7.
-41
204 (base 14) to base 12
290
-10 (base 4) to base 6
-4
Convert -12 (base 8) to base 13.
-a
101002 (base 3) to base 15
132
Convert 0 (base 14) to base 4.
0
Convert -3 (base 16) to base 4.
-3
2 (base 6) to base 5
2
17 (base 8) to base 15
10
What is 16 (base 13) in base 7?
25
e (base 15) to base 12
12
What is 243 (base 5) in base 4?
1021
Convert -14 (base 7) to base 5.
-21
What is 2 (base 12) in base 6?
2
-5 (base 6) to base 7
-5
Convert -162 (base 9) to base 12.
-b5
-1430 (base 5) to base 3
-22220
Convert -1122 (base 3) to base 14.
-32
What is 313 (base 4) in base 16?
37
Convert 22 (base 8) to base 10.
18
What is -77 (base 11) in base 3?
-10010
What is 10 (base 9) in base 16?
9
Convert 1 (base 8) to base 14.
1
What is 62 (base 9) in base 5?
211
5 (base 6) to base 12
5
What is -3 (base 8) in base 6?
-3
Convert -1 (base 10) to base 16.
-1
Convert -51 (base 7) to base 4.
-210
Convert 9 (base 13) to base 2.
1001
88 (base 13) to base 16
70
-310 (base 4) to base 15
-37
-33 (base 12) to base 7
-54
What is 1 (base 14) in base 4?
1
Convert -1 (base 13) to base 10.
-1
-5 (base 9) to base 3
-12
114 (base 11) to base 14
9a
What is -1 (base 5) in base 4?
-1
3 (base 15) to base 13
3
What is -5 (base 15) in base 9?
-5
What is 3 (base 6) in base 8?
3
-e (base 15) to base 3
-112
What is 7 (base 11) in base 2?
111
Convert 6 (base 15) to base 12.
6
Convert 4 (base 15) to base 10.
4
1010110 (base 2) to base 10
86
Convert -219 (base 12) to base 6.
-1233
What is 1001010 (base 2) in base 8?
112
What is 261 (base 9) in base 12?
161
What is -40 (base 5) in base 13?
-17
What is -d (base 14) in base 12?
-11
Convert -c (base 14) to base 4.
-30
What is 526 (base 7) in base 11?
221
What is 1000 (base 3) in base 7?
36
What is 32 (base 16) in base 15?
35
1312 (base 4) to base 12
9a
What is -3 (base 16) in base 7?
-3
-5 (base 13) to base 2
-101
Convert 1 (base 5) to base 7.
1
What is -16 (base 13) in base 3?
-201
-69 (base 14) to base 3
-10110
-12 (base 3) to base 6
-5
-100001101 (base 2) to base 13
-179
41 (base 5) to base 2
10101
-5 (base 16) to base 5
-10
-11 (base 3) to base 11
-4
Convert -1110 (base 3) to base 5.
-124
Convert 11 (base 2) to base 3.
10
11 (base 3) to base 6
4
What is 0 (base 7) in base 3?
0
What is 8a (base 14) in base 10?
122
Convert -a (base 12) to base 7.
-13
-11 (base 14) to base 6
-23
What is -2a (base 12) in base 8?
-42
What is 5 (base 15) in base 3?
12
c (base 16) to base 3
110
1112 (base 4) to base 11
79
What is -57 (base 11) in base 2?
-111110
Convert -1 (base 8) to base 14.
-1
3 (base 7) to base 5
3
351 (base 8) to base 10
233
Convert 4 (base 10) to base 3.
11
-8 (base 14) to base 10
-8
What is 5 (base 10) in base 12?
5
What is -36 (base 16) in base 3?
-2000
Convert 4 (base 14) to base 6.
4
What is 1 (base 11) in base 3?
1
What is 108 (base 12) in base 11?
129
Convert -133 (base 9) to base 5.
-421
What is 1100 (base 2) in base 13?
c
What is 4 (base 12) in base 3?
11
What is -2 (base 9) in base 3?
-2
What is -212 (base 3) in base 10?
-23
Convert -20 (base 3) to base 9.
-6
What is -2 (base 8) in base 7?
-2
3 (base 7) to base 13
3
1 (base 12) to base 2
1
4 (base 8) to base 5
4
What is -100001001 (base 2) in base 14?
-14d
What is 13 (base 4) in base 5?
12
Convert 0 (base 3) to base 13.
0
What is -12 (base 12) in base 4?
-32
1 (base 8) to base 12
1
Convert 2 (base 15) to base 7.
2
-21020 (base 3) to base 10
-195
What is -153 (base 11) in base 4?
-2303
Convert -66 (base 15) to base 8.
-140
110011 (base 2) to base 9
56
What is 78 (base 16) in base 10?
120
What is -1c (base 16) in base 3?
-1001
-3 (base 12) to base 15
-3
256 (base 7) to base 10
139
Convert 1 (base 13) to base 2.
1
What is -10 (base 16) in base 11?
-15
What is 3 (base 7) in base 3?
10
220 (base 3) to base 16
18
Convert -89 (base 14) to base 16.
-79
What is 2 (base 14) in base 16?
2
Convert -66 (base 8) to base 14.
-3c
What is -5 (base 12) in base 9?
-5
24 (base 6) to base 10
16
Convert -200 (ba